 third derivative of -i**5/30 - 9*i**4/8 - 3*i**3 - 30*i**2. Let s be a(-13). Let k(y) = y + 7. Calculate k(s).
2
Suppose -2*q - 13 = -x - 7*q, -4*q + 8 = 0. Suppose x*y + 11 = -4. Let u(a) = -a**3 - 4*a**2 + 3*a - 7. Calculate u(y).
3
Let n(d) be the first derivative of 53 + 1/4*d**4 - 4/3*d**3 + 1/2*d**2 + d. Let l(m) = m - 1. Let s be l(5). Determine n(s).
5
Let z(v) = 5*v. Suppose -7*x - 15*x = -154. What is z(x)?
35
Let w(v) = -8*v - 2. Let o(x) = 7*x. Let z(j) = -6*o(j) - 5*w(j). What is z(-8)?
26
Let q = 0 - -4. Suppose z + q = 3*z. Let r(c) = -6*c**2 + 3 + z*c**3 + 2*c + 4*c**3 + c**3 - 6*c**3. Determine r(6).
15
Let p(j) = 91*j**3 + 9*j**2 + 4*j. Let w(k) = 23*k**3 + 2*k**2 + k. Let c(h) = 2*p(h) - 9*w(h). Give c(1).
-26
Let m(b) = 4*b**2 + 28*b - 5. Let p be m(-7). Let z(s) = -s**3 - 4*s**2 + 4*s - 4. Give z(p).
1
Suppose 15*k = 16*k. Let u(o) = -o**3 - o**2 + 3*o**2 + 9 - o**2. Give u(k).
9
Let f(u) = u**3 + 8*u**2 + 7*u + 3. Let q be (-2)/(-3)*63/(-6). Let w be f(q). Let y(a) = -22*a + a**2 + 2*a**3 + 14 - w*a**3 + 21*a. What is y(0)?
14
Let i(n) = n**3 + 6*n**2 + n - 1. Let b = 79 + -60. Suppose 0 = b*s - 23*s - 24. Calculate i(s).
-7
Suppose -4 = 21*m - 88. Let s(n) be the third derivative of 0 + 1/6*n**3 + 7/60*n**5 + 0*n**m + 0*n + n**2. Give s(-1).
8
Let q = 24 - 22. Let g(v) = 58*v**3 - 59*v**3 - 2*v + q*v**2 - 3*v**2 - 4 - v**2. What is g(-3)?
11
Let d(k) = -8*k**2 + 17*k**2 + 2 - 3*k - 5*k + k**2. Let z(y) = y**2 - y. Let o(m) = d(m) - 8*z(m). Calculate o(2).
10
Suppose 5*w = 13*w - 48. Suppose -13*x = w + 7. Let q(v) = 9*v**2 + v + 1. Give q(x).
9
Let z(m) = -m**2 - 14*m + 13. Let b(t) = t**3 - 8*t**2 - 38*t + 165. Let l be b(10). Determine z(l).
-2
Let a(r) = 3*r - 30. Let v be (-32)/(-6) - 14/(-21). Calculate a(v).
-12
Let t(q) = 11*q**3 + q**2 - 1. Suppose -6*f + 8*f - 52 = 0. Let w be -3 - (f + -1 + -1). Let u be (4/(-6))/((-18)/w). What is t(u)?
-11
Let l be (-2)/(3 - 55/15). Let o(c) = 22*c - 12*c - l - 9*c - 11*c. Give o(-2).
17
Suppose 0 = 11*t + 47*t - 986. Let k(i) = i**2 - 19*i + 40. What is k(t)?
6
Let t(d) be the second derivative of -d**4/6 + 5*d**3/6 + d**2 - 309*d. Let b be 3*2 + 8/(-4). Give t(b).
-10
Let y(k) = -4*k - 58. Let j(m) = 2*m + 27. Let q(x) = 9*j(x) + 4*y(x). What is q(-8)?
-5
Suppose 7*k - 6*k = 2*a, 0 = k - 4*a + 2. Let t(v) = 2*v**3 - v**2 - 1. What is t(k)?
11
Let p(y) = -4*y - 5. Let k(n) = 2*n**3 - 39*n**2 - 21*n + 18. Let c be k(20). What is p(c)?
3
Suppose 5*y = -a - 8, 0 = 3*a - y - 4 - 20. Let f(s) = -s**3 + 7*s**2 + s - 2. Determine f(a).
5
Let d(z) = z - 8. Let p be d(11). Let i(h) = -h**p + 0 + 20*h - 7 + h**2 - 19*h. Give i(0).
-7
Suppose l + 1 = 0, b + 3*l = -8 - 0. Let y(d) = 6*d - 2. What is y(b)?
-32
Let a(o) = 1 + 7*o - o**2 + 2*o**2 - 4. Let v(l) = l - 1. Let z be v(13). Suppose -21 = z*u - 9*u. What is a(u)?
-3
Let i(p) = 1 + 2*p + 4*p**2 + p**2 + 8*p**2 + 0 - 2*p**2. What is i(-1)?
10
Let i = 71 + -64. Suppose 4*m - 27 = -g - 10, m = -5*g + 28. Let x(t) = 7 + 8*t**2 + 0*t**3 - 3*t**3 - 8*t + 2*t**m. Calculate x(i).
0
Let j(t) = -5*t**2 - 4*t + 17. Suppose 2*s = -26 + 8. Let o(f) = 11*f**2 + 9*f - 35. Let p(m) = s*j(m) - 4*o(m). Calculate p(0).
-13
Let b(l) = 5*l + 0*l - 592*l**2 - l**3 + 587*l**2 + 4*l - 2*l + 4. Let t be (-4)/15*-3*5. Suppose 11 = -t*o - 13. Calculate b(o).
-2
Let p(r) = -2*r - 9. Let t(a) = a**3 + a**2 - 3*a + 4. Suppose -5*h + 5*v = -5, 0 = -4*h + 5*h + 2*v + 11. Let l be t(h). Let x = l - 1. Give p(x).
3
Suppose 3*s - 481 = -4*j, 114 = -5*j + 6*j + 2*s. Let i = j + -129. Let h(w) = w**3 + 5*w**2 - w + 6. What is h(i)?
11
Let o(v) = -10*v**2 + 5*v + 4. Let i(b) = 5*b + 5 - 11*b**2 - 5*b + 6*b. Let p(g) = 5*i(g) - 6*o(g). Let x = 3 + -2. Calculate p(x).
6
Let v(x) = 3*x**3 - 2*x - 1. Let o be (-20)/(-9) + (308/99)/(-14). What is v(o)?
19
Let m be (-8)/2 - -6 - -2. Let p(n) = m - 7 + 3 + 4 + 2*n. Give p(-6).
-8
Let f(r) = 5*r - 5. Let m(y) = -3*y + 4. Let g(s) = -2*f(s) - 3*m(s). Give g(-2).
0
Let s(w) = w**3 + 7*w**2 + 6*w - 5. Suppose -u - g = -16, 3*u - 28 - 13 = 4*g. Suppose -7*x - 3*n - 33 = -4*x, -3*n = u. Determine s(x).
-5
Let r(v) = 2*v**2 - 6*v. Let d be ((-69)/(-15)*-2*5)/(-2). Suppose 0*i - 3*i = 5*f - d, 5*i - 5 = 0. Determine r(f).
8
Let w(v) = -10*v - 6. Let y(s) = -21*s - 13. Suppose 0*i = -2*i + 3*m + 3, -5*i + 4*m = -25. Let l(c) = i*w(c) - 4*y(c). Give l(-2).
10
Let s(a) = -6*a - 10. Let c(j) = -j - 2. Let w(k) = -11*c(k) + 2*s(k). Let v(m) = -3*m**2 - 3*m + 6*m**2 - 5 + 6 + 6*m**2. Let f be v(1). What is w(f)?
-5
Let d(b) = -8*b**2 - b + 1. Let c = 3 + -9. Let i = c - -8. Suppose -20*g - i = -22*g. Calculate d(g).
-8
Let q(w) = w**3 + 7*w**2 + 6*w + 6. Suppose 58*j - 61*j - 18 = s, 3*s = -2*j - 26. Determine q(s).
6
Let o = 2 + 1. Suppose -5*q - o*k + k = -19, 3*q - 4*k = 27. Let d(j) = -2 - 4*j**2 + j**3 + 2 - 6 - 34*j + 28*j + 4. What is d(q)?
-7
Let p(d) = -2*d**3 + d**3 + 6*d**2 - 47 + 44 - d. Let s be p(3). Let x = -17 + s. Let t(g) = g**2 - 3*g + 2. What is t(x)?
6
Let l(i) = 2*i**2 + 4*i - 5. Let z(v) = -3*v**2 - 5*v + 5. Let p(o) = -4*l(o) - 3*z(o). Determine p(4).
17
Let a(n) = -5*n + 2. Let r(h) = -2*h + 1. Let j(q) = -4*a(q) + 11*r(q). Calculate j(3).
-3
Let c = -1810 + 1804. Let s(j) = j**3 + 5*j**2 + j + 7. What is s(c)?
-35
Let q(x) = 4*x**2 - 5*x - 4. Let c be q(-1). Let v be c/((-2)/(12/(-15))). Let i(y) = -2*y. Give i(v).
-4
Let c(x) = -8*x + 1. Let z be (-10)/(-4) - (-5)/(-2). Suppose -5*o - b - 2*b - 10 = z, 5*o + 5*b + 20 = 0. What is c(o)?
-7
Suppose -12 = -2*k, -5*t + 51 = -4*k + 90. Let i(j) = j**2 + 3*j - 4 + 2*j**2 + 4*j**3 - 3*j**3. Calculate i(t).
-13
Let t(o) = 4*o - 50. Let g(c) = 10*c - 126. Let p(v) = 5*g(v) - 12*t(v). Let r be p(14). Let k(x) = 2*x - 1. Calculate k(r).
-5
Let m(o) be the second derivative of -o**3/3 + 3*o**2/2 + 775*o. Let t be (14/(-4))/((-1)/2). Determine m(t).
-11
Let n(o) be the first derivative of -11*o**3/3 + 2*o**2 - 2*o + 7. Give n(2).
-38
Let z(j) = -j - 7. Let l(i) = i + 36. Let m(k) = l(k) + 4*z(k). Determine m(4).
-4
Let l(r) = 17 - 6*r + 8 + 9 + 3*r - 29. Determine l(4).
-7
Suppose -5*m = -v + 22, -11*m + 6 = -14*m - 3*v. Let z(g) = -5*g - 8. Give z(m).
12
Let h be ((-117)/18)/(1/(-4)). Let r = h - 29. Let m(w) be the third derivative of -w**5/60 - w**4/24 + w**3/6 - w**2. Determine m(r).
-5
Let l = 1 + -1. Let v(d) = -4*d**3 - d**2 + 20. Let k(a) = -5*a**3 - a**2 + 23. Let m(b) = 5*k(b) - 6*v(b). Determine m(l).
-5
Let b(m) = 90*m - 87. Let g(c) = -17*c + 17. Let i(a) = 4*b(a) + 21*g(a). Determine i(5).
24
Let d(r) = -3*r**2 - 4*r - 2. Let v = -743 - -741. Determine d(v).
-6
Let l = -7 - -4. Let j(r) = -r**2 - 5*r + 7. Let t be j(-5). Let u be (-48)/14 - l/t. Let a(w) = -w**3 - 4*w**2 - w - 4. Give a(u).
-10
Suppose -3*f = 4*f + 7. Let w(y) = -8*y**2 - 1. Calculate w(f).
-9
Let g(t) be the third derivative of t**6/120 - t**5/10 - 5*t**4/24 - 5*t**3/6 - 68*t**2. What is g(7)?
9
Let d(a) = a**3 - 3*a**2 + 6*a. Let y = 11 - 3. Let f(k) = 3*k**3 - 10*k**2 + 18*k - 1. Let x(l) = y*d(l) - 3*f(l). Give x(5).
-2
Let h(o) = 35*o + 1. Let z(q) = 64*q + 1. Let j(s) = -11*h(s) + 6*z(s). Give j(-2).
-3
Let q = 77 - 74. Let f(u) = 0 + u**q - 1 + 5*u**2 - 6*u**2 - u. Suppose -m - 3*m + 8 = 0. Determine f(m).
1
Let t(g) = 3*g**2 + 32*g + 7. Let z(o) = -2*o**2 - 18*o - 4. Let i(n) = 3*t(n) + 5*z(n). Calculate i(5).
6
Let x = -27 + 10. Let z = -16 - x. Let b(q) = -q**2 - 1 + 3 + z - 4. Determine b(0).
-1
Let p be (-87)/(-27) + (-12)/54. Suppose 0 = -n - p*d + 22, -4*d + 19 = 2*n - 3*d. Suppose -4*q + n*q - 12 = 0. Let f(z) = z**2 - 5*z + 1. What is f(q)?
-3
Let y(i) = -3*i + 499 + i**3 - 7*i**2 + 3*i**2 - 495. Suppose -22 = -5*u - 2. Calculate y(u).
-8
Let y(m) = -m**2 + 2*m + 4. Let u(d) = d**3 - 12*d**2 + 5. Let o be u(12). Suppose 5*v - 4*n - 10 = -6*n, -4*n = -o*v + 40. What is y(v)?
-4
Let u(f) = f - 12. Let j(a) = a**3 - 17*a**2 - 16*a - 30. Let p be (-2 - 0/(-1)) + 33 + -13. Let s be j(p). Determine u(s).
-6
Suppose 5*q + 2*i = 66, 25 = 3*q + i - 14. Let s(d) be the third derivative of d**6/120 - d**5/5 - d**4/24 + 11*d**3/6 - d**2 + 15. Calculate s(q).
-1
Suppose -4*t - 4*f + 3 + 17 = 0, f = -2*t + 10. Suppose -t - 3 = -2*i. Let v(q) = q - 1. Give v(i).
3
Let m(y) = 9 - 6*y + 7*